{"id":9349,"date":"2022-06-03T09:52:53","date_gmt":"2022-06-03T09:52:53","guid":{"rendered":"http:\/\/aikox.net\/Danzarte\/?post_type=product&#038;p=9349"},"modified":"2022-12-16T12:11:23","modified_gmt":"2022-12-16T12:11:23","slug":"falda-nemesia","status":"publish","type":"product","link":"http:\/\/aikox.net\/Danzarte\/tienda\/falda-nemesia\/","title":{"rendered":"Falda Nemesia"},"content":{"rendered":"<p>Falda de ballet para mujer. Colecci\u00f3n Velours V\u00e9nitien. Confeccionado con microfibra de elastano, terciopelo el\u00e1stico estampado y tul el\u00e1stico. Cintura el\u00e1stica que ayuda a que se mantenga en su lugar.<\/p>\n<p>Ideal para combinar con cualquier maillot.<\/p>\n","protected":false},"excerpt":{"rendered":"<p>Falda de ballet para mujer. Colecci\u00f3n Velours V\u00e9nitien. Confeccionado con microfibra de elastano, terciopelo el\u00e1stico estampado y tul el\u00e1stico. Cintura el\u00e1stica que ayuda a que se mantenga en su lugar.<\/p>\n<p>Ideal para combinar con cualquier maillot.<\/p>\n","protected":false},"featured_media":9350,"template":"","meta":[],"product_cat":[244,231,246],"product_tag":[],"class_list":["post-9349","product","type-product","status-publish","has-post-thumbnail","hentry","product_cat-danza-ballet","product_cat-danza-y-ballet-mujer-y-nina-faldas","product_cat-mujer-y-nina","product_brand-wear-moi","col-xs-6 col-sm-4","col-md-4 col-lg-4","un-3-cols"],"_links":{"self":[{"href":"http:\/\/aikox.net\/Danzarte\/wp-json\/wp\/v2\/product\/9349","targetHints":{"allow":["GET"]}}],"collection":[{"href":"http:\/\/aikox.net\/Danzarte\/wp-json\/wp\/v2\/product"}],"about":[{"href":"http:\/\/aikox.net\/Danzarte\/wp-json\/wp\/v2\/types\/product"}],"wp:featuredmedia":[{"embeddable":true,"href":"http:\/\/aikox.net\/Danzarte\/wp-json\/wp\/v2\/media\/9350"}],"wp:attachment":[{"href":"http:\/\/aikox.net\/Danzarte\/wp-json\/wp\/v2\/media?parent=9349"}],"wp:term":[{"taxonomy":"product_cat","embeddable":true,"href":"http:\/\/aikox.net\/Danzarte\/wp-json\/wp\/v2\/product_cat?post=9349"},{"taxonomy":"product_tag","embeddable":true,"href":"http:\/\/aikox.net\/Danzarte\/wp-json\/wp\/v2\/product_tag?post=9349"}],"curies":[{"name":"wp","href":"https:\/\/api.w.org\/{rel}","templated":true}]}}