{"id":8554,"date":"2022-06-02T11:04:48","date_gmt":"2022-06-02T11:04:48","guid":{"rendered":"http:\/\/aikox.net\/Danzarte\/?post_type=product&#038;p=8554"},"modified":"2022-06-02T11:04:49","modified_gmt":"2022-06-02T11:04:49","slug":"pantalon-corto-de-calentamiento","status":"publish","type":"product","link":"http:\/\/aikox.net\/Danzarte\/tienda\/pantalon-corto-de-calentamiento\/","title":{"rendered":"Pantal\u00f3n corto de Calentamiento"},"content":{"rendered":"<p>Pantal\u00f3n corto rayas 90% ALGOD\u00d3N 10% ELASTAN<\/p>\n","protected":false},"excerpt":{"rendered":"<p>Pantal\u00f3n corto rayas 90% ALGOD\u00d3N 10% ELASTAN<\/p>\n","protected":false},"featured_media":8556,"template":"","meta":[],"product_cat":[212,244,246],"product_tag":[],"class_list":["post-8554","product","type-product","status-publish","has-post-thumbnail","hentry","product_cat-danza-y-ballet-mujer-y-nina-calentadores-y-lanas","product_cat-danza-ballet","product_cat-mujer-y-nina","product_brand-intermezzo","col-xs-6 col-sm-4","col-md-4 col-lg-4","un-3-cols"],"_links":{"self":[{"href":"http:\/\/aikox.net\/Danzarte\/wp-json\/wp\/v2\/product\/8554","targetHints":{"allow":["GET"]}}],"collection":[{"href":"http:\/\/aikox.net\/Danzarte\/wp-json\/wp\/v2\/product"}],"about":[{"href":"http:\/\/aikox.net\/Danzarte\/wp-json\/wp\/v2\/types\/product"}],"wp:featuredmedia":[{"embeddable":true,"href":"http:\/\/aikox.net\/Danzarte\/wp-json\/wp\/v2\/media\/8556"}],"wp:attachment":[{"href":"http:\/\/aikox.net\/Danzarte\/wp-json\/wp\/v2\/media?parent=8554"}],"wp:term":[{"taxonomy":"product_cat","embeddable":true,"href":"http:\/\/aikox.net\/Danzarte\/wp-json\/wp\/v2\/product_cat?post=8554"},{"taxonomy":"product_tag","embeddable":true,"href":"http:\/\/aikox.net\/Danzarte\/wp-json\/wp\/v2\/product_tag?post=8554"}],"curies":[{"name":"wp","href":"https:\/\/api.w.org\/{rel}","templated":true}]}}