{"id":7845,"date":"2022-05-03T15:30:45","date_gmt":"2022-05-03T15:30:45","guid":{"rendered":"http:\/\/aikox.net\/Danzarte\/?post_type=product&#038;p=7845"},"modified":"2022-12-16T12:54:43","modified_gmt":"2022-12-16T12:54:43","slug":"maillot-gabriella","status":"publish","type":"product","link":"http:\/\/aikox.net\/Danzarte\/tienda\/maillot-gabriella\/","title":{"rendered":"Maillot Gabriella"},"content":{"rendered":"<p>Cat\u00e1logo Createur 2022.Colecci\u00f3n Etel\u00e1n. Maillot de tirante ancho microtul\u00a0 con estampado floral<br \/>\n<img loading=\"lazy\" decoding=\"async\" class=\"alignnone size-full wp-image-9691\" src=\"http:\/\/aikox.net\/Danzarte\/wp-content\/uploads\/2021\/05\/BalletRosaCreateurComoMedir.jpg\" alt=\"\" width=\"828\" height=\"513\" srcset=\"http:\/\/aikox.net\/Danzarte\/wp-content\/uploads\/2021\/05\/BalletRosaCreateurComoMedir.jpg 828w, http:\/\/aikox.net\/Danzarte\/wp-content\/uploads\/2021\/05\/BalletRosaCreateurComoMedir-300x186.jpg 300w, http:\/\/aikox.net\/Danzarte\/wp-content\/uploads\/2021\/05\/BalletRosaCreateurComoMedir-768x476.jpg 768w, http:\/\/aikox.net\/Danzarte\/wp-content\/uploads\/2021\/05\/BalletRosaCreateurComoMedir-370x229.jpg 370w, http:\/\/aikox.net\/Danzarte\/wp-content\/uploads\/2021\/05\/BalletRosaCreateurComoMedir-600x372.jpg 600w\" sizes=\"auto, (max-width: 828px) 100vw, 828px\" \/><br \/>\n<img loading=\"lazy\" decoding=\"async\" class=\"alignnone size-full wp-image-9692\" src=\"http:\/\/aikox.net\/Danzarte\/wp-content\/uploads\/2021\/05\/BR-C-SizeConver.png\" alt=\"\" width=\"850\" height=\"744\" srcset=\"http:\/\/aikox.net\/Danzarte\/wp-content\/uploads\/2021\/05\/BR-C-SizeConver.png 850w, http:\/\/aikox.net\/Danzarte\/wp-content\/uploads\/2021\/05\/BR-C-SizeConver-300x263.png 300w, http:\/\/aikox.net\/Danzarte\/wp-content\/uploads\/2021\/05\/BR-C-SizeConver-768x672.png 768w, http:\/\/aikox.net\/Danzarte\/wp-content\/uploads\/2021\/05\/BR-C-SizeConver-370x324.png 370w, http:\/\/aikox.net\/Danzarte\/wp-content\/uploads\/2021\/05\/BR-C-SizeConver-600x525.png 600w\" sizes=\"auto, (max-width: 850px) 100vw, 850px\" \/><br \/>\n<img loading=\"lazy\" decoding=\"async\" class=\"alignnone size-full wp-image-9673\" src=\"http:\/\/aikox.net\/Danzarte\/wp-content\/uploads\/2022\/06\/BR-Ladies.png\" alt=\"\" width=\"848\" height=\"549\" srcset=\"http:\/\/aikox.net\/Danzarte\/wp-content\/uploads\/2022\/06\/BR-Ladies.png 848w, http:\/\/aikox.net\/Danzarte\/wp-content\/uploads\/2022\/06\/BR-Ladies-300x194.png 300w, http:\/\/aikox.net\/Danzarte\/wp-content\/uploads\/2022\/06\/BR-Ladies-768x497.png 768w, http:\/\/aikox.net\/Danzarte\/wp-content\/uploads\/2022\/06\/BR-Ladies-790x510.png 790w, http:\/\/aikox.net\/Danzarte\/wp-content\/uploads\/2022\/06\/BR-Ladies-370x240.png 370w, http:\/\/aikox.net\/Danzarte\/wp-content\/uploads\/2022\/06\/BR-Ladies-600x388.png 600w\" sizes=\"auto, (max-width: 848px) 100vw, 848px\" \/> <img loading=\"lazy\" decoding=\"async\" class=\"alignnone size-full wp-image-9672\" src=\"http:\/\/aikox.net\/Danzarte\/wp-content\/uploads\/2022\/06\/BR-Youth.png\" alt=\"\" width=\"848\" height=\"549\" srcset=\"http:\/\/aikox.net\/Danzarte\/wp-content\/uploads\/2022\/06\/BR-Youth.png 848w, http:\/\/aikox.net\/Danzarte\/wp-content\/uploads\/2022\/06\/BR-Youth-300x194.png 300w, http:\/\/aikox.net\/Danzarte\/wp-content\/uploads\/2022\/06\/BR-Youth-768x497.png 768w, http:\/\/aikox.net\/Danzarte\/wp-content\/uploads\/2022\/06\/BR-Youth-790x510.png 790w, http:\/\/aikox.net\/Danzarte\/wp-content\/uploads\/2022\/06\/BR-Youth-370x240.png 370w, http:\/\/aikox.net\/Danzarte\/wp-content\/uploads\/2022\/06\/BR-Youth-600x388.png 600w\" sizes=\"auto, (max-width: 848px) 100vw, 848px\" \/><\/p>\n","protected":false},"excerpt":{"rendered":"<p>Maillot de tirante ancho microtul estampado floral<\/p>\n","protected":false},"featured_media":9732,"template":"","meta":[],"product_cat":[244,235,246],"product_tag":[],"class_list":["post-7845","product","type-product","status-publish","has-post-thumbnail","hentry","product_cat-danza-ballet","product_cat-danza-y-ballet-mujer-y-nina-maillots","product_cat-mujer-y-nina","product_brand-ballet-rosa","col-xs-6 col-sm-4","col-md-4 col-lg-4","un-3-cols"],"_links":{"self":[{"href":"http:\/\/aikox.net\/Danzarte\/wp-json\/wp\/v2\/product\/7845","targetHints":{"allow":["GET"]}}],"collection":[{"href":"http:\/\/aikox.net\/Danzarte\/wp-json\/wp\/v2\/product"}],"about":[{"href":"http:\/\/aikox.net\/Danzarte\/wp-json\/wp\/v2\/types\/product"}],"wp:featuredmedia":[{"embeddable":true,"href":"http:\/\/aikox.net\/Danzarte\/wp-json\/wp\/v2\/media\/9732"}],"wp:attachment":[{"href":"http:\/\/aikox.net\/Danzarte\/wp-json\/wp\/v2\/media?parent=7845"}],"wp:term":[{"taxonomy":"product_cat","embeddable":true,"href":"http:\/\/aikox.net\/Danzarte\/wp-json\/wp\/v2\/product_cat?post=7845"},{"taxonomy":"product_tag","embeddable":true,"href":"http:\/\/aikox.net\/Danzarte\/wp-json\/wp\/v2\/product_tag?post=7845"}],"curies":[{"name":"wp","href":"https:\/\/api.w.org\/{rel}","templated":true}]}}