{"id":6975,"date":"2022-02-23T16:09:56","date_gmt":"2022-02-23T16:09:56","guid":{"rendered":"http:\/\/aikox.net\/Danzarte\/?post_type=product&#038;p=6975"},"modified":"2022-05-24T09:58:19","modified_gmt":"2022-05-24T09:58:19","slug":"punta","status":"publish","type":"product","link":"http:\/\/aikox.net\/Danzarte\/tienda\/punta\/","title":{"rendered":"Punta Nova Flex"},"content":{"rendered":"<p>El modelo est\u00e1 fabricado con dos tecnolog\u00edas innovadoras:<\/p>\n<p>La tecnolog\u00eda PRO hace que estas zapatillas de punta sean casi silenciosas en el escenario.<br aria-hidden=\"true\" \/>La tecnolog\u00eda FLEX utilizada en la construcci\u00f3n del mango garantiza un enrollado m\u00e1s f\u00e1cil de media punta a punta.<\/p>\n<p><br aria-hidden=\"true\" \/>Tallas: 0,5 &#8211; 8,5<br aria-hidden=\"true\" \/>Ancho: X &#8211; XXXXX<br aria-hidden=\"true\" \/>Pala: en forma de U;\u00a0con cord\u00f3n<br aria-hidden=\"true\" \/>V\u00e1stago: M \u2013 medio blando, H \u2013 medio duro<\/p>\n","protected":false},"excerpt":{"rendered":"<p>La cl\u00e1sica zapatilla de punta brindan a la bailarina un fuerte apoyo para elementos avanzados de puntas.<\/p>\n<p>Las alas m\u00e1s largas y de apoyo brindan flexibilidad debido a la pasta el\u00e1stica.<\/p>\n","protected":false},"featured_media":6978,"template":"","meta":[],"product_cat":[242,236],"product_tag":[],"class_list":["post-6975","product","type-product","status-publish","has-post-thumbnail","hentry","product_cat-calzado","product_cat-calzado-puntas","product_brand-grishko","col-xs-6 col-sm-4","col-md-4 col-lg-4","un-3-cols"],"_links":{"self":[{"href":"http:\/\/aikox.net\/Danzarte\/wp-json\/wp\/v2\/product\/6975","targetHints":{"allow":["GET"]}}],"collection":[{"href":"http:\/\/aikox.net\/Danzarte\/wp-json\/wp\/v2\/product"}],"about":[{"href":"http:\/\/aikox.net\/Danzarte\/wp-json\/wp\/v2\/types\/product"}],"wp:featuredmedia":[{"embeddable":true,"href":"http:\/\/aikox.net\/Danzarte\/wp-json\/wp\/v2\/media\/6978"}],"wp:attachment":[{"href":"http:\/\/aikox.net\/Danzarte\/wp-json\/wp\/v2\/media?parent=6975"}],"wp:term":[{"taxonomy":"product_cat","embeddable":true,"href":"http:\/\/aikox.net\/Danzarte\/wp-json\/wp\/v2\/product_cat?post=6975"},{"taxonomy":"product_tag","embeddable":true,"href":"http:\/\/aikox.net\/Danzarte\/wp-json\/wp\/v2\/product_tag?post=6975"}],"curies":[{"name":"wp","href":"https:\/\/api.w.org\/{rel}","templated":true}]}}