{"id":6715,"date":"2022-02-07T10:25:52","date_gmt":"2022-02-07T10:25:52","guid":{"rendered":"http:\/\/aikox.net\/Danzarte\/?post_type=product&#038;p=6715"},"modified":"2022-09-21T09:19:52","modified_gmt":"2022-09-21T09:19:52","slug":"hombre-suspensor-dance-belt-narrow","status":"publish","type":"product","link":"http:\/\/aikox.net\/Danzarte\/tienda\/hombre-suspensor-dance-belt-narrow\/","title":{"rendered":"Hombre Suspensor Dance Belt Narrow"},"content":{"rendered":"<p>El cintur\u00f3n de baile totalmente acolchado de elastano de algod\u00f3n cuenta con una correa en la parte posterior y un el\u00e1stico suave al tacto de 4 cm para mayor comodidad.\u00a0Corre fiel al tama\u00f1o.<\/p>\n<p>Algod\u00f3n Elast\u00e1n<\/p>\n","protected":false},"excerpt":{"rendered":"<p>El cintur\u00f3n de baile totalmente acolchado de elastano de algod\u00f3n cuenta con una correa en la parte posterior y un el\u00e1stico suave al tacto de 4 cm para mayor comodidad.\u00a0Corre fiel al tama\u00f1o.<\/p>\n<p>Algod\u00f3n Elast\u00e1n<\/p>\n","protected":false},"featured_media":6716,"template":"","meta":[],"product_cat":[244,245,234],"product_tag":[],"class_list":["post-6715","product","type-product","status-publish","has-post-thumbnail","hentry","product_cat-danza-ballet","product_cat-hombre","product_cat-danza-y-ballet-hombre-interiores","product_brand-wear-moi","col-xs-6 col-sm-4","col-md-4 col-lg-4","un-3-cols"],"_links":{"self":[{"href":"http:\/\/aikox.net\/Danzarte\/wp-json\/wp\/v2\/product\/6715","targetHints":{"allow":["GET"]}}],"collection":[{"href":"http:\/\/aikox.net\/Danzarte\/wp-json\/wp\/v2\/product"}],"about":[{"href":"http:\/\/aikox.net\/Danzarte\/wp-json\/wp\/v2\/types\/product"}],"wp:featuredmedia":[{"embeddable":true,"href":"http:\/\/aikox.net\/Danzarte\/wp-json\/wp\/v2\/media\/6716"}],"wp:attachment":[{"href":"http:\/\/aikox.net\/Danzarte\/wp-json\/wp\/v2\/media?parent=6715"}],"wp:term":[{"taxonomy":"product_cat","embeddable":true,"href":"http:\/\/aikox.net\/Danzarte\/wp-json\/wp\/v2\/product_cat?post=6715"},{"taxonomy":"product_tag","embeddable":true,"href":"http:\/\/aikox.net\/Danzarte\/wp-json\/wp\/v2\/product_tag?post=6715"}],"curies":[{"name":"wp","href":"https:\/\/api.w.org\/{rel}","templated":true}]}}