{"id":6044,"date":"2022-02-03T17:08:28","date_gmt":"2022-02-03T17:08:28","guid":{"rendered":"http:\/\/aikox.net\/Danzarte\/?post_type=product&#038;p=6044"},"modified":"2022-09-21T12:07:57","modified_gmt":"2022-09-21T12:07:57","slug":"maillot-cypres","status":"publish","type":"product","link":"http:\/\/aikox.net\/Danzarte\/tienda\/maillot-cypres\/","title":{"rendered":"Maillot Cypres"},"content":{"rendered":"<p>Maillot de danza femenina<br \/>\nMaillot de microfibra con corte camisola detallado con tul el\u00e1stico puro, revelando piel en la parte superior del escote y la espalda media a trav\u00e9s de un peque\u00f1o recorte triangular. Espalda abierta profunda. Revestimiento delantero completo.<\/p>\n<p>Microfibra &#8211; Stretch Tulle<\/p>\n","protected":false},"excerpt":{"rendered":"<p>Maillot de baile b\u00e1sico<\/p>\n","protected":false},"featured_media":6052,"template":"","meta":[],"product_cat":[235],"product_tag":[],"class_list":["post-6044","product","type-product","status-publish","has-post-thumbnail","hentry","product_cat-danza-y-ballet-mujer-y-nina-maillots","product_brand-wear-moi","col-xs-6 col-sm-4","col-md-4 col-lg-4","un-3-cols"],"_links":{"self":[{"href":"http:\/\/aikox.net\/Danzarte\/wp-json\/wp\/v2\/product\/6044","targetHints":{"allow":["GET"]}}],"collection":[{"href":"http:\/\/aikox.net\/Danzarte\/wp-json\/wp\/v2\/product"}],"about":[{"href":"http:\/\/aikox.net\/Danzarte\/wp-json\/wp\/v2\/types\/product"}],"wp:featuredmedia":[{"embeddable":true,"href":"http:\/\/aikox.net\/Danzarte\/wp-json\/wp\/v2\/media\/6052"}],"wp:attachment":[{"href":"http:\/\/aikox.net\/Danzarte\/wp-json\/wp\/v2\/media?parent=6044"}],"wp:term":[{"taxonomy":"product_cat","embeddable":true,"href":"http:\/\/aikox.net\/Danzarte\/wp-json\/wp\/v2\/product_cat?post=6044"},{"taxonomy":"product_tag","embeddable":true,"href":"http:\/\/aikox.net\/Danzarte\/wp-json\/wp\/v2\/product_tag?post=6044"}],"curies":[{"name":"wp","href":"https:\/\/api.w.org\/{rel}","templated":true}]}}