{"id":3921,"date":"2021-05-13T16:37:53","date_gmt":"2021-05-13T16:37:53","guid":{"rendered":"http:\/\/aikox.net\/Danzarte\/product\/vanie\/"},"modified":"2022-09-28T07:39:58","modified_gmt":"2022-09-28T07:39:58","slug":"vanie","status":"publish","type":"product","link":"http:\/\/aikox.net\/Danzarte\/tienda\/vanie\/","title":{"rendered":"Vanie"},"content":{"rendered":"<p>Zapatilla de ballet el\u00e1stica 2 direcciones muy resistente , de suela partida, con g\u00f3mas el\u00e1sticas cruzadas cosidas .<\/p>\n<p>Colores negro y salm\u00f3n.<\/p>\n<p>En este modelo os aconsejamos coger una talla m\u00e1s de vuestro n\u00famero habitual de la calle.<\/p>\n","protected":false},"excerpt":{"rendered":"<p>Zapatilla de ballet el\u00e1stica 2 direcciones muy resistente , de suela partida, con g\u00f3mas el\u00e1sticas cruzadas cosidas .<\/p>\n","protected":false},"featured_media":8333,"template":"","meta":[],"product_cat":[242,206],"product_tag":[],"class_list":["post-3921","product","type-product","status-publish","has-post-thumbnail","hentry","product_cat-calzado","product_cat-calzado-zapatillas-media-punta","product_brand-dansez-vous","col-xs-6 col-sm-4","col-md-4 col-lg-4","un-3-cols"],"_links":{"self":[{"href":"http:\/\/aikox.net\/Danzarte\/wp-json\/wp\/v2\/product\/3921","targetHints":{"allow":["GET"]}}],"collection":[{"href":"http:\/\/aikox.net\/Danzarte\/wp-json\/wp\/v2\/product"}],"about":[{"href":"http:\/\/aikox.net\/Danzarte\/wp-json\/wp\/v2\/types\/product"}],"wp:featuredmedia":[{"embeddable":true,"href":"http:\/\/aikox.net\/Danzarte\/wp-json\/wp\/v2\/media\/8333"}],"wp:attachment":[{"href":"http:\/\/aikox.net\/Danzarte\/wp-json\/wp\/v2\/media?parent=3921"}],"wp:term":[{"taxonomy":"product_cat","embeddable":true,"href":"http:\/\/aikox.net\/Danzarte\/wp-json\/wp\/v2\/product_cat?post=3921"},{"taxonomy":"product_tag","embeddable":true,"href":"http:\/\/aikox.net\/Danzarte\/wp-json\/wp\/v2\/product_tag?post=3921"}],"curies":[{"name":"wp","href":"https:\/\/api.w.org\/{rel}","templated":true}]}}