{"id":3910,"date":"2021-05-13T16:36:54","date_gmt":"2021-05-13T16:36:54","guid":{"rendered":"http:\/\/aikox.net\/Danzarte\/product\/tutu-corto-clasico-lycra\/"},"modified":"2022-05-24T11:30:43","modified_gmt":"2022-05-24T11:30:43","slug":"tutu-corto-clasico-lycra","status":"publish","type":"product","link":"http:\/\/aikox.net\/Danzarte\/tienda\/tutu-corto-clasico-lycra\/","title":{"rendered":"Tut\u00fa corto cl\u00e1sico lycra"},"content":{"rendered":"<p>Tut\u00fa corto cl\u00e1sico 3 capas de tul en maillot tirante fino de licra blanca forrado o sin forrar.<\/p>\n<p>Tallas en stock forrado, adulto 40.<\/p>\n<p>Talla en stock sin forrar ni\u00f1o talla 8.<\/p>\n<p>Outlet no se admiten devoluciones.<\/p>\n","protected":false},"excerpt":{"rendered":"<p>Tut\u00fa corto cl\u00e1sico 3 capas de tul en maillot tirante fino de licra blanca forrado o sin forrar.<\/p>\n","protected":false},"featured_media":8110,"template":"","meta":[],"product_cat":[205],"product_tag":[],"class_list":["post-3910","product","type-product","status-publish","has-post-thumbnail","hentry","product_cat-outlet","product_brand-happy-dance","col-xs-6 col-sm-4","col-md-4 col-lg-4","un-3-cols"],"_links":{"self":[{"href":"http:\/\/aikox.net\/Danzarte\/wp-json\/wp\/v2\/product\/3910","targetHints":{"allow":["GET"]}}],"collection":[{"href":"http:\/\/aikox.net\/Danzarte\/wp-json\/wp\/v2\/product"}],"about":[{"href":"http:\/\/aikox.net\/Danzarte\/wp-json\/wp\/v2\/types\/product"}],"wp:featuredmedia":[{"embeddable":true,"href":"http:\/\/aikox.net\/Danzarte\/wp-json\/wp\/v2\/media\/8110"}],"wp:attachment":[{"href":"http:\/\/aikox.net\/Danzarte\/wp-json\/wp\/v2\/media?parent=3910"}],"wp:term":[{"taxonomy":"product_cat","embeddable":true,"href":"http:\/\/aikox.net\/Danzarte\/wp-json\/wp\/v2\/product_cat?post=3910"},{"taxonomy":"product_tag","embeddable":true,"href":"http:\/\/aikox.net\/Danzarte\/wp-json\/wp\/v2\/product_tag?post=3910"}],"curies":[{"name":"wp","href":"https:\/\/api.w.org\/{rel}","templated":true}]}}