{"id":3869,"date":"2021-05-13T16:35:52","date_gmt":"2021-05-13T16:35:52","guid":{"rendered":"http:\/\/aikox.net\/Danzarte\/product\/romantico\/"},"modified":"2022-06-03T06:30:46","modified_gmt":"2022-06-03T06:30:46","slug":"romantico","status":"publish","type":"product","link":"http:\/\/aikox.net\/Danzarte\/tienda\/romantico\/","title":{"rendered":"Rom\u00e1ntico"},"content":{"rendered":"<p>Falda Tut\u00fa Rom\u00e1ntico de Ballet hasta la rodilla de Intermezzo. Falda con 4 capas de tul: 2 capas de tul grueso en la parte inferior y 2 capas de tul fino en la superior. El tut\u00fa lleva incorporada una braguita de tejido en licra sin forrar. Cinturilla el\u00e1stica con goma. Ideal para tus actuaciones, espect\u00e1culos, representaciones y para ensayar en tus clases de danza y ballet. Interpreta a Giselle o La Sylphide con el tut\u00fa de Intermezo.<br \/>\nTejido: 80% Poliamida, 20% Elast\u00e1n<\/p>\n","protected":false},"excerpt":{"rendered":"<p>Falda Tut\u00fa Rom\u00e1ntico de Ballet hasta la rodilla de Intermezzo.<\/p>\n","protected":false},"featured_media":3870,"template":"","meta":[],"product_cat":[244,246,225],"product_tag":[],"class_list":["post-3869","product","type-product","status-publish","has-post-thumbnail","hentry","product_cat-danza-ballet","product_cat-mujer-y-nina","product_cat-danza-y-ballet-mujer-y-nina-tutu-y-vestidos","product_brand-intermezzo","col-xs-6 col-sm-4","col-md-4 col-lg-4","un-3-cols"],"_links":{"self":[{"href":"http:\/\/aikox.net\/Danzarte\/wp-json\/wp\/v2\/product\/3869","targetHints":{"allow":["GET"]}}],"collection":[{"href":"http:\/\/aikox.net\/Danzarte\/wp-json\/wp\/v2\/product"}],"about":[{"href":"http:\/\/aikox.net\/Danzarte\/wp-json\/wp\/v2\/types\/product"}],"wp:featuredmedia":[{"embeddable":true,"href":"http:\/\/aikox.net\/Danzarte\/wp-json\/wp\/v2\/media\/3870"}],"wp:attachment":[{"href":"http:\/\/aikox.net\/Danzarte\/wp-json\/wp\/v2\/media?parent=3869"}],"wp:term":[{"taxonomy":"product_cat","embeddable":true,"href":"http:\/\/aikox.net\/Danzarte\/wp-json\/wp\/v2\/product_cat?post=3869"},{"taxonomy":"product_tag","embeddable":true,"href":"http:\/\/aikox.net\/Danzarte\/wp-json\/wp\/v2\/product_tag?post=3869"}],"curies":[{"name":"wp","href":"https:\/\/api.w.org\/{rel}","templated":true}]}}