{"id":3818,"date":"2021-05-13T16:35:09","date_gmt":"2021-05-13T16:35:09","guid":{"rendered":"http:\/\/aikox.net\/Danzarte\/product\/porta-platos\/"},"modified":"2022-05-25T12:04:31","modified_gmt":"2022-05-25T12:04:31","slug":"porta-platos","status":"publish","type":"product","link":"http:\/\/aikox.net\/Danzarte\/tienda\/porta-platos\/","title":{"rendered":"Porta Platos"},"content":{"rendered":"<p>Bolsa Porta Tut\u00fa Ballet de Intermezzo. Bolsa circular para llevar tu tut\u00fa. Se dobla por la mitad para facilitar su portabilidad y tiene dos asas para poder colocarte la bolsa en tus hombros. Cierre con cremallera y di\u00e1metro de 110cm. La bolsa perfecta para proteger tu tut\u00fa y poder transportarlo a todas partes, a tus clases de danza, a tus ensayos en el teatro, de camino a un espect\u00e1culo, etc.<\/p>\n","protected":false},"excerpt":{"rendered":"<p>Bolsa circular para Tut\u00fa. Se dobla por la mitad para facilitar su portabilidad.<br \/>\nCierre con cremallera. Dos asas de transporte.<br \/>\nDi\u00e1metro de 110cm.<\/p>\n<p>Talla \u00fanica<\/p>\n","protected":false},"featured_media":3819,"template":"","meta":[],"product_cat":[213,243],"product_tag":[],"class_list":["post-3818","product","type-product","status-publish","has-post-thumbnail","hentry","product_cat-complementos-bolsos","product_cat-complementos","product_brand-intermezzo","col-xs-6 col-sm-4","col-md-4 col-lg-4","un-3-cols"],"_links":{"self":[{"href":"http:\/\/aikox.net\/Danzarte\/wp-json\/wp\/v2\/product\/3818","targetHints":{"allow":["GET"]}}],"collection":[{"href":"http:\/\/aikox.net\/Danzarte\/wp-json\/wp\/v2\/product"}],"about":[{"href":"http:\/\/aikox.net\/Danzarte\/wp-json\/wp\/v2\/types\/product"}],"wp:featuredmedia":[{"embeddable":true,"href":"http:\/\/aikox.net\/Danzarte\/wp-json\/wp\/v2\/media\/3819"}],"wp:attachment":[{"href":"http:\/\/aikox.net\/Danzarte\/wp-json\/wp\/v2\/media?parent=3818"}],"wp:term":[{"taxonomy":"product_cat","embeddable":true,"href":"http:\/\/aikox.net\/Danzarte\/wp-json\/wp\/v2\/product_cat?post=3818"},{"taxonomy":"product_tag","embeddable":true,"href":"http:\/\/aikox.net\/Danzarte\/wp-json\/wp\/v2\/product_tag?post=3818"}],"curies":[{"name":"wp","href":"https:\/\/api.w.org\/{rel}","templated":true}]}}