{"id":3617,"date":"2021-05-13T16:30:45","date_gmt":"2021-05-13T16:30:45","guid":{"rendered":"http:\/\/aikox.net\/Danzarte\/product\/luccia\/"},"modified":"2022-12-27T12:29:51","modified_gmt":"2022-12-27T12:29:51","slug":"luccia","status":"publish","type":"product","link":"http:\/\/aikox.net\/Danzarte\/tienda\/luccia\/","title":{"rendered":"Luccia"},"content":{"rendered":"<p>Modelo LUCCIA<\/p>\n<p>Best-seller para bailes de sal\u00f3n. Comodidad y estabilidad absoluta con este modelo de zapatos con correas de sat\u00e9n. Doble correa cruzada en el tobillo para mayor elegancia y soporte. Superior satinado. Abajo ante. Plantilla con tecnolog\u00eda de alto confort. Hebilla.<br \/>\nBolsa de raso incluida.<\/p>\n<p>Tac\u00f3n : 6,5cm<br \/>\nColores : Negro, Tostado.<\/p>\n<p>*En los zapatos de baile no se admiten devoluciones.<\/p>\n","protected":false},"excerpt":{"rendered":"<p>Zapatos de baile latino, uno de los m\u00e1s vendidos para baile de sal\u00f3n, por su excelente confort y estabilidad con el dise\u00f1o de tiras cruzadas en el tobillo para m\u00e1s soporte y elegancia.<\/p>\n","protected":false},"featured_media":8115,"template":"","meta":[],"product_cat":[242,204],"product_tag":[1159,1156,1238,1237],"class_list":["post-3617","product","type-product","status-publish","has-post-thumbnail","hentry","product_cat-calzado","product_cat-calzado-salon","product_tag-calzado","product_tag-dansez-vous","product_tag-sandalia-bailarines-amateur","product_tag-sandalia-de-baile","pa_numero-765","pa_numero-766","pa_numero-767","pa_numero-768","pa_numero-769","pa_numero-770","product_brand-dansez-vous","col-xs-6 col-sm-4","col-md-4 col-lg-4","un-3-cols"],"_links":{"self":[{"href":"http:\/\/aikox.net\/Danzarte\/wp-json\/wp\/v2\/product\/3617","targetHints":{"allow":["GET"]}}],"collection":[{"href":"http:\/\/aikox.net\/Danzarte\/wp-json\/wp\/v2\/product"}],"about":[{"href":"http:\/\/aikox.net\/Danzarte\/wp-json\/wp\/v2\/types\/product"}],"wp:featuredmedia":[{"embeddable":true,"href":"http:\/\/aikox.net\/Danzarte\/wp-json\/wp\/v2\/media\/8115"}],"wp:attachment":[{"href":"http:\/\/aikox.net\/Danzarte\/wp-json\/wp\/v2\/media?parent=3617"}],"wp:term":[{"taxonomy":"product_cat","embeddable":true,"href":"http:\/\/aikox.net\/Danzarte\/wp-json\/wp\/v2\/product_cat?post=3617"},{"taxonomy":"product_tag","embeddable":true,"href":"http:\/\/aikox.net\/Danzarte\/wp-json\/wp\/v2\/product_tag?post=3617"}],"curies":[{"name":"wp","href":"https:\/\/api.w.org\/{rel}","templated":true}]}}