{"id":3565,"date":"2021-05-13T16:28:43","date_gmt":"2021-05-13T16:28:43","guid":{"rendered":"http:\/\/aikox.net\/Danzarte\/product\/funda-castanuelas-especial\/"},"modified":"2022-06-09T19:33:55","modified_gmt":"2022-06-09T19:33:55","slug":"funda-castanuelas-especial","status":"publish","type":"product","link":"http:\/\/aikox.net\/Danzarte\/tienda\/funda-castanuelas-especial\/","title":{"rendered":"Funda Casta\u00f1uelas Especial"},"content":{"rendered":"<p>Limpiar con un trapo h\u00famedo y jab\u00f3n neutro. No usar disolventes, blanqueadores, detergentes qu\u00edmicos o sprays abrillantadores.<\/p>\n<p>Talla \u00fanica.<\/p>\n","protected":false},"excerpt":{"rendered":"<p>Funda de polipiel con interior de borreguito y dos cierres met\u00e1licos.<\/p>\n<p>Hecha a mano.<\/p>\n","protected":false},"featured_media":3566,"template":"","meta":[],"product_cat":[220],"product_tag":[],"class_list":["post-3565","product","type-product","status-publish","has-post-thumbnail","hentry","product_cat-flamenco-complementos-flamenco","product_brand-castanuelas-del-sur","col-xs-6 col-sm-4","col-md-4 col-lg-4","un-3-cols"],"_links":{"self":[{"href":"http:\/\/aikox.net\/Danzarte\/wp-json\/wp\/v2\/product\/3565","targetHints":{"allow":["GET"]}}],"collection":[{"href":"http:\/\/aikox.net\/Danzarte\/wp-json\/wp\/v2\/product"}],"about":[{"href":"http:\/\/aikox.net\/Danzarte\/wp-json\/wp\/v2\/types\/product"}],"wp:featuredmedia":[{"embeddable":true,"href":"http:\/\/aikox.net\/Danzarte\/wp-json\/wp\/v2\/media\/3566"}],"wp:attachment":[{"href":"http:\/\/aikox.net\/Danzarte\/wp-json\/wp\/v2\/media?parent=3565"}],"wp:term":[{"taxonomy":"product_cat","embeddable":true,"href":"http:\/\/aikox.net\/Danzarte\/wp-json\/wp\/v2\/product_cat?post=3565"},{"taxonomy":"product_tag","embeddable":true,"href":"http:\/\/aikox.net\/Danzarte\/wp-json\/wp\/v2\/product_tag?post=3565"}],"curies":[{"name":"wp","href":"https:\/\/api.w.org\/{rel}","templated":true}]}}