{"id":3451,"date":"2021-05-13T16:27:14","date_gmt":"2021-05-13T16:27:14","guid":{"rendered":"http:\/\/aikox.net\/Danzarte\/product\/chaleco-albane\/"},"modified":"2022-05-25T22:24:43","modified_gmt":"2022-05-25T22:24:43","slug":"chaleco-albane","status":"publish","type":"product","link":"http:\/\/aikox.net\/Danzarte\/tienda\/chaleco-albane\/","title":{"rendered":"Chaleco Albane"},"content":{"rendered":"<p>Chaleco prenda ideal para nuestras clases diarias y nuestro d\u00eda a d\u00eda en nuestra forma de vestir.<\/p>\n<p>Tejido: Polar Rib con Microfibra y Tul El\u00e1stico<\/p>\n<div><i>\u00a0<\/i><\/div>\n<table class=\"ecwid-description-table\">\n<tbody>\n<tr>\n<td><strong>Busto<\/strong><\/td>\n<td><strong>Cintura<\/strong><\/td>\n<td><strong>Cadera<\/strong><\/td>\n<td><strong>Talla<\/strong><\/td>\n<\/tr>\n<tr>\n<td>82-86<\/td>\n<td>59-63<\/td>\n<td>88-92<\/td>\n<td><strong>36<\/strong><\/td>\n<\/tr>\n<tr>\n<td>86-90<\/td>\n<td>63-67<\/td>\n<td>92-96<\/td>\n<td><strong>38<\/strong><\/td>\n<\/tr>\n<tr>\n<td>90-94<\/td>\n<td>67-71<\/td>\n<td>96-100<\/td>\n<td><strong>40<\/strong><\/td>\n<\/tr>\n<tr>\n<td>94-98<\/td>\n<td>75-79<\/td>\n<td>100-104<\/td>\n<td><strong>42<\/strong><\/td>\n<\/tr>\n<tr>\n<td>98-102<\/td>\n<td>79-83<\/td>\n<td>104-108<\/td>\n<td><strong>44<\/strong><\/td>\n<\/tr>\n<tr>\n<td>102-106<\/td>\n<td>83-87<\/td>\n<td>108-112<\/td>\n<td><strong>46<\/strong><\/td>\n<\/tr>\n<tr>\n<td>106-110<\/td>\n<td>87-95<\/td>\n<td>112-116<\/td>\n<td><strong>48<\/strong><\/td>\n<\/tr>\n<\/tbody>\n<\/table>\n","protected":false},"excerpt":{"rendered":"<p>Chaleco prenda ideal para nuestras clases diarias y nuestro d\u00eda a d\u00eda en nuestra forma de vestir. Tejido: Polar Rib con Microfibra y Tul El\u00e1stico \u00a0 Busto Cintura Cadera Talla 82-86 59-63 88-92 36 86-90 63-67 92-96 38 90-94 67-71 96-100 40 94-98 75-79 100-104 42 98-102 79-83 104-108 44 102-106 83-87 108-112 46 106-110&hellip;<\/p>\n","protected":false},"featured_media":3452,"template":"","meta":[],"product_cat":[212,244,246,221],"product_tag":[],"class_list":["post-3451","product","type-product","status-publish","has-post-thumbnail","hentry","product_cat-danza-y-ballet-mujer-y-nina-calentadores-y-lanas","product_cat-danza-ballet","product_cat-mujer-y-nina","product_cat-ropa-de-calle","pa_numero-40-42","product_brand-ballet-rosa","col-xs-6 col-sm-4","col-md-4 col-lg-4","un-3-cols"],"_links":{"self":[{"href":"http:\/\/aikox.net\/Danzarte\/wp-json\/wp\/v2\/product\/3451","targetHints":{"allow":["GET"]}}],"collection":[{"href":"http:\/\/aikox.net\/Danzarte\/wp-json\/wp\/v2\/product"}],"about":[{"href":"http:\/\/aikox.net\/Danzarte\/wp-json\/wp\/v2\/types\/product"}],"wp:featuredmedia":[{"embeddable":true,"href":"http:\/\/aikox.net\/Danzarte\/wp-json\/wp\/v2\/media\/3452"}],"wp:attachment":[{"href":"http:\/\/aikox.net\/Danzarte\/wp-json\/wp\/v2\/media?parent=3451"}],"wp:term":[{"taxonomy":"product_cat","embeddable":true,"href":"http:\/\/aikox.net\/Danzarte\/wp-json\/wp\/v2\/product_cat?post=3451"},{"taxonomy":"product_tag","embeddable":true,"href":"http:\/\/aikox.net\/Danzarte\/wp-json\/wp\/v2\/product_tag?post=3451"}],"curies":[{"name":"wp","href":"https:\/\/api.w.org\/{rel}","templated":true}]}}