{"id":3361,"date":"2021-05-13T16:24:48","date_gmt":"2021-05-13T16:24:48","guid":{"rendered":"http:\/\/aikox.net\/Danzarte\/product\/boina-edicion-1858\/"},"modified":"2022-06-09T11:05:44","modified_gmt":"2022-06-09T11:05:44","slug":"boina-edicion-1858","status":"publish","type":"product","link":"http:\/\/aikox.net\/Danzarte\/tienda\/boina-edicion-1858\/","title":{"rendered":"Boina Edici\u00f3n 1858"},"content":{"rendered":"<p>Boina El\u00f3segui de Edici\u00f3n Especial. El mejor acabado de la firma.<\/p>\n<p>&nbsp;<\/p>\n","protected":false},"excerpt":{"rendered":"<p>Impermeabilizada con tratamiento TEFLON.<br \/>\nAcabado con forro y badana de piel.<br \/>\nVuelos (pulgadas): 13&#8243;<\/p>\n<p>Color: Negra<\/p>\n","protected":false},"featured_media":3362,"template":"","meta":[],"product_cat":[211,248],"product_tag":[],"class_list":["post-3361","product","type-product","status-publish","has-post-thumbnail","hentry","product_cat-ropa-vasca-boinas-elosegi","product_cat-ropa-regional-vasca","product_brand-elosegui","col-xs-6 col-sm-4","col-md-4 col-lg-4","un-3-cols"],"_links":{"self":[{"href":"http:\/\/aikox.net\/Danzarte\/wp-json\/wp\/v2\/product\/3361","targetHints":{"allow":["GET"]}}],"collection":[{"href":"http:\/\/aikox.net\/Danzarte\/wp-json\/wp\/v2\/product"}],"about":[{"href":"http:\/\/aikox.net\/Danzarte\/wp-json\/wp\/v2\/types\/product"}],"wp:featuredmedia":[{"embeddable":true,"href":"http:\/\/aikox.net\/Danzarte\/wp-json\/wp\/v2\/media\/3362"}],"wp:attachment":[{"href":"http:\/\/aikox.net\/Danzarte\/wp-json\/wp\/v2\/media?parent=3361"}],"wp:term":[{"taxonomy":"product_cat","embeddable":true,"href":"http:\/\/aikox.net\/Danzarte\/wp-json\/wp\/v2\/product_cat?post=3361"},{"taxonomy":"product_tag","embeddable":true,"href":"http:\/\/aikox.net\/Danzarte\/wp-json\/wp\/v2\/product_tag?post=3361"}],"curies":[{"name":"wp","href":"https:\/\/api.w.org\/{rel}","templated":true}]}}