{"id":3336,"date":"2021-05-13T16:24:48","date_gmt":"2021-05-13T16:24:48","guid":{"rendered":"http:\/\/aikox.net\/Danzarte\/product\/aura\/"},"modified":"2022-12-26T12:15:29","modified_gmt":"2022-12-26T12:15:29","slug":"aura","status":"publish","type":"product","link":"http:\/\/aikox.net\/Danzarte\/tienda\/aura\/","title":{"rendered":"Aura"},"content":{"rendered":"<p>Zapatos para profesores dise\u00f1ados en cuero con suela de ante. Ideal para nuestras clases diarias , recomendada para cualquier disciplina, danza, ballet, jazz, bailes latinos&#8230;<\/p>\n<p>Aportan sensibilidad, comodidad y soporte a los pies.<\/p>\n<p>Tac\u00f3n varia en la talla de ni\u00f1os de 1,5cm tac\u00f3n en adultos 2cm<\/p>\n<p>Colores : Negro, Tostado<\/p>\n","protected":false},"excerpt":{"rendered":"<p>AURA Zapatos para profesores dise\u00f1ados en cuero con suela de ante.<\/p>\n","protected":false},"featured_media":3337,"template":"","meta":[],"product_cat":[242,207],"product_tag":[1159,1202,1156,1203],"class_list":["post-3336","product","type-product","status-publish","has-post-thumbnail","hentry","product_cat-calzado","product_cat-calzado-profesora","product_tag-calzado","product_tag-calzado-para-profesors","product_tag-dansez-vous","product_tag-zapatilla-suela-entera","pa_numero-766","pa_numero-767","pa_numero-768","pa_numero-770","product_brand-dansez-vous","col-xs-6 col-sm-4","col-md-4 col-lg-4","un-3-cols"],"_links":{"self":[{"href":"http:\/\/aikox.net\/Danzarte\/wp-json\/wp\/v2\/product\/3336","targetHints":{"allow":["GET"]}}],"collection":[{"href":"http:\/\/aikox.net\/Danzarte\/wp-json\/wp\/v2\/product"}],"about":[{"href":"http:\/\/aikox.net\/Danzarte\/wp-json\/wp\/v2\/types\/product"}],"wp:featuredmedia":[{"embeddable":true,"href":"http:\/\/aikox.net\/Danzarte\/wp-json\/wp\/v2\/media\/3337"}],"wp:attachment":[{"href":"http:\/\/aikox.net\/Danzarte\/wp-json\/wp\/v2\/media?parent=3336"}],"wp:term":[{"taxonomy":"product_cat","embeddable":true,"href":"http:\/\/aikox.net\/Danzarte\/wp-json\/wp\/v2\/product_cat?post=3336"},{"taxonomy":"product_tag","embeddable":true,"href":"http:\/\/aikox.net\/Danzarte\/wp-json\/wp\/v2\/product_tag?post=3336"}],"curies":[{"name":"wp","href":"https:\/\/api.w.org\/{rel}","templated":true}]}}