{"id":7136,"date":"2022-03-18T10:07:22","date_gmt":"2022-03-18T10:07:22","guid":{"rendered":"http:\/\/aikox.net\/Danzarte\/?page_id=7136"},"modified":"2022-12-15T12:22:29","modified_gmt":"2022-12-15T12:22:29","slug":"politica-privacidad","status":"publish","type":"page","link":"http:\/\/aikox.net\/Danzarte\/politica-privacidad\/","title":{"rendered":"Pol\u00edtica de Privacidad"},"content":{"rendered":"<p>Esta p\u00e1gina Web pertenece a DANZARTESHOP.COM<\/p>\r\n<p>Para la utilizaci\u00f3n de este sitio Web, se entiende que el usuario est\u00e1 de acuerdo con la totalidad de las condiciones enunciadas a continuaci\u00f3n.<\/p>\r\n<h2>PROPIEDAD INTELECTUAL<\/h2>\r\n<p>&nbsp;<\/p>\r\n<p>Excepto indicaci\u00f3n expresa en contra, todos los contenidos del sitio Web, incluido sin car\u00e1cter limitativo: textos, gr\u00e1ficos, denominaciones, logotipos, iconos, im\u00e1genes, etc. son bien propiedad de DANZARTESHOP.COM, y est\u00e1n protegidos por las normas nacionales e internacionales de propiedad intelectual.<\/p>\r\n<p>Por lo tanto, queda terminantemente prohibida cualquier clase de utilizaci\u00f3n del contenido de este sitio Web, incluida la reproducci\u00f3n, modificaci\u00f3n, distribuci\u00f3n, transmisi\u00f3n, posterior publicaci\u00f3n, exhibici\u00f3n o representaci\u00f3n total o parcial del mismo, sin el consentimiento expreso de DANZARTESHOP.COM<\/p>\r\n<h2>EXONERACI\u00d3N DE RESPONSABILIDAD<\/h2>\r\n<p>DANZARTESHOP.COM, no garantiza de ning\u00fan modo la plena aplicabilidad de la informaci\u00f3n, su precisi\u00f3n o actualidad, ni ning\u00fan otro aspecto de la misma, as\u00ed como tampoco la continuidad, aplicabilidad y funcionamiento ininterrumpido de los servicios que pudiera ofrecer a trav\u00e9s de este sitio Web.<\/p>\r\n<p>Esta Web contiene enlaces con otros servidores sobre los cuales DANZARTESHOP.COM, no tiene control alguno. Por lo tanto no se hace responsable de ning\u00fan modo de las informaciones o servicios, y en general, sobre lo contenido en los mismos, no pudiendo garantizar su legalidad, veracidad o actualidad, ni ning\u00fan otro aspecto de los mismos.<\/p>\r\n<h2>USUARIO Y R\u00c9GIMEN DE RESPONSABILIDADES<\/h2>\r\n<p>La navegaci\u00f3n, acceso y uso por el sitio web de DANZARTESHOP.COM confiere la condici\u00f3n de usuario, por la que se aceptan, desde la navegaci\u00f3n por el sitio web de DANZARTESHOP.COM, todas las condiciones de uso aqu\u00ed establecidas sin perjuicio de la aplicaci\u00f3n de la correspondiente normativa de obligado cumplimiento legal seg\u00fan el caso.<\/p>\r\n<p>El sitio web de DANZARTESHOP.COM proporciona gran diversidad de informaci\u00f3n, servicios y datos. El usuario asume su responsabilidad en el uso correcto del sitio web. Esta responsabilidad se extender\u00e1 a:<\/p>\r\n<ul>\r\n<li>La veracidad y licitud de las informaciones aportadas por el usuario en los formularios extendidos por DANZARTESHOP.COM para el acceso a ciertos contenidos o servicios ofrecidos por el web.<\/li>\r\n<li>El uso de la informaci\u00f3n, servicios y datos ofrecidos por DANZARTESHOP.COM contrariamente a lo dispuesto por las presentes condiciones, la Ley, la moral, las buenas costumbres o el orden p\u00fablico, o que de cualquier otro modo puedan suponer lesi\u00f3n de los derechos de terceros o del mismo funcionamiento del sitio web.<\/li>\r\n<\/ul>\r\n<h2>MODIFICACIONES<\/h2>\r\n<p>DANZARTESHOP.COM, se reserva el derecho a realizar las modificaciones que considere oportunas, sin aviso previo, en el contenido de su sitio web. Tanto en lo referente a los contenidos del sitio web, como en las condiciones de uso del mismo, o en las condiciones generales de contrataci\u00f3n. Dichas modificaciones podr\u00e1n realizarse a trav\u00e9s de su sitio web por cualquier forma admisible en derecho y ser\u00e1n de obligado cumplimiento durante el tiempo en que se encuentren publicadas en el web y hasta que no sean modificadas v\u00e1lidamente por otras posteriores.<\/p>\r\n<h2>SERVICIOS DE CONTRATACI\u00d3N POR INTERNET<\/h2>\r\n<p>Ciertos contenidos de la Pagina de DANZARTESHOP.COM, contienen la posibilidad de contrataci\u00f3n por Internet. El uso de los mismos requerir\u00e1 la lectura y aceptaci\u00f3n obligatoria de las condiciones generales de contrataci\u00f3n establecidas al efecto por DANZARTESHOP.COM.<\/p>\r\n<h2>POL\u00cdTICA DE PRIVACIDAD DE DATOS PERSONALES<\/h2>\r\n<p>Para utilizar algunos de los servicios ofrecidos en esta p\u00e1gina web, los usuarios deben proporcionar a DANZARTESHOP.COM, ciertos datos de car\u00e1cter personal, por ello se compromete a respetar la confidencialidad de dichos datos\u00a0 en aplicaci\u00f3n a lo dispuesto\u00a0 en la Ley Org\u00e1nica 3\/2018, de 5 de diciembre, de Protecci\u00f3n de Datos Personales y garant\u00eda de los derechos digitales y ajustarse a la Ley 34\/2002 de 11 de julio, de Servicios de la Sociedad de la Informaci\u00f3n y de Comercio Electr\u00f3nico en cuanto al env\u00edo de comunicaciones comerciales.<\/p>\r\n<p>DANZARTESHOP.COM, informa que proceder\u00e1 a tratar los datos de manera l\u00edcita, leal, transparente, adecuada, pertinente, limitada, exacta y actualizada. Es por ello que se compromete a adoptar todas las medidas razonables para que estos se supriman o rectifiquen sin dilaci\u00f3n cuando sean inexactos.<\/p>\r\n<p>Podr\u00e1 ejercer en cualquier momento los derechos de acceso, rectificaci\u00f3n, oposici\u00f3n, cancelaci\u00f3n, derecho al olvido, la portabilidad de los datos, dirigi\u00e9ndose a nosotros por escrito a C\/ Iru\u00f1a 17, 48014 Bilbao &#8211; Bizkaia) o por correo electr\u00f3nico a la direcci\u00f3n:\u00a0 <a href=\"mailto:hola@aikox.net\">hola@aikox.net<\/a><\/p>\r\n<p>Podr\u00e1 dirigirse a la Autoridad de Control competente para presentar la reclamaci\u00f3n que considere oportuna.<\/p>\r\n<h2>INFORMACI\u00d3N MERCANTIL<\/h2>\r\n<p>En cumplimiento de la Ley 34\/2002, de 11 de julio, de Servicios de la Sociedad de la Informaci\u00f3n y de Comercio Electr\u00f3nico (LSSI-CE), DANZARTESHOP.COM, informa que es titular del sitio web\u00a0 http:\/\/www. danzarteshop.com. De acuerdo con la exigencia del art\u00edculo 10 de la citada Ley, 72392765N \u00a0informa de los siguientes datos:<\/p>\r\n<p>El titular de este sitio web es DANZARTESHOP.COM, con CIF \u00a072392765N y domicilio social en C\/ Iru\u00f1a 17, 48014 Bilbao &#8211; Bizkaia. La direcci\u00f3n de correo electr\u00f3nico de contacto con la empresa es: <a href=\"mailto:hola@aikox.net\">hola@aikox.net<\/a><\/p>\r\n<h2>ACCIONES LEGALES, LEGISLACI\u00d3N APLICABLE Y JURISDICCI\u00d3N<\/h2>\r\n<p>DANZARTESHOP.COM se reserva, asimismo, la facultad de presentar las acciones civiles o penales que considere oportunas por la utilizaci\u00f3n indebida de su sitio web y contenidos, o por el incumplimiento de las presentes condiciones.<\/p>\r\n<p>La relaci\u00f3n entre el usuario y el prestador se regir\u00e1 por la normativa vigente y de aplicaci\u00f3n en el territorio espa\u00f1ol. De surgir cualquier controversia las partes podr\u00e1n someter sus conflictos a arbitraje o acudir a la jurisdicci\u00f3n ordinaria cumpliendo con las normas sobre jurisdicci\u00f3n y competencia al respecto. DANZARTESHOP.COM tiene su domicilio en Bizkaia, Espa\u00f1a.<\/p>\r\n<h2>POL\u00cdTICA DE PRIVACIDAD REDES SOCIALES<\/h2>\r\n<p>De conformidad con lo establecido en la normativa vigente y aplicable en Protecci\u00f3n de Datos de Car\u00e1cter Personal (RGPD) y la Ley 34\/2002, de 11 de julio, de Servicios de la Sociedad de la Informaci\u00f3n y de Comercio Electr\u00f3nico (LSSI-CE), DANZARTESHOP.COM informa a los usuarios, que ha procedido a crear un perfil en las Redes Sociales Facebook, Twitter, Google + con la finalidad principal de publicitar sus productos y servicios.<\/p>\r\n<p>Datos de DANZARTESHOP.COM<\/p>\r\n<table width=\"100%\">\r\n<tbody>\r\n<tr>\r\n<td width=\"99%\">\r\n<p>Cif\u00a0\u00a0\u00a0\u00a0\u00a0\u00a0\u00a0\u00a0\u00a0\u00a0\u00a0\u00a0\u00a0\u00a0\u00a0\u00a0\u00a0\u00a0\u00a0\u00a0\u00a0\u00a0\u00a0\u00a0\u00a0\u00a0\u00a0\u00a0\u00a0 72392765N<\/p>\r\n<\/td>\r\n<\/tr>\r\n<tr>\r\n<td width=\"99%\">\r\n<p>Direcci\u00f3n:\u00a0\u00a0\u00a0\u00a0\u00a0\u00a0\u00a0\u00a0\u00a0\u00a0\u00a0\u00a0\u00a0\u00a0\u00a0\u00a0 C\/ Iru\u00f1a 17, 48014 Bilbao &#8211; Bizkaia)<\/p>\r\n<\/td>\r\n<\/tr>\r\n<tr>\r\n<td width=\"99%\">\r\n<p>Email\u00a0\u00a0\u00a0\u00a0\u00a0\u00a0\u00a0\u00a0\u00a0\u00a0\u00a0 \u00a0\u00a0\u00a0\u00a0\u00a0\u00a0\u00a0\u00a0\u00a0\u00a0\u00a0\u00a0\u00a0 662192029<\/p>\r\n<\/td>\r\n<\/tr>\r\n<tr>\r\n<td width=\"99%\">\r\n<p>Tel\u00e9fono\u00a0\u00a0\u00a0\u00a0\u00a0\u00a0\u00a0\u00a0\u00a0\u00a0\u00a0\u00a0\u00a0\u00a0\u00a0\u00a0\u00a0\u00a0<a href=\"mailto:hola@aikox.net\"> hola@aikox.net<\/a><\/p>\r\n<\/td>\r\n<\/tr>\r\n<\/tbody>\r\n<\/table>\r\n<p>El usuario dispone de un perfil en la misma Red Social y ha decidido unirse a la p\u00e1gina creada por DANZARTESHOP.COM, mostrando as\u00ed inter\u00e9s en la informaci\u00f3n que se publicite en la Red. Al unirse a nuestra p\u00e1gina, nos facilita su consentimiento para el tratamiento de aquellos datos personales publicados en su perfil.<\/p>\r\n<p>El usuario puede acceder en todo momento a las pol\u00edticas de privacidad de la propia Red Social, as\u00ed como configurar su perfil para garantizar su privacidad.<\/p>\r\n<p>DANZARTESHOP.COM tiene acceso y trata aquella informaci\u00f3n p\u00fablica del usuario, en especial, su nombre de contacto. Estos datos, s\u00f3lo son utilizados dentro de la propia Red Social. No son incorporados a ning\u00fan sistema de tratamiento.<\/p>\r\n<p>En relaci\u00f3n a los derechos de acceso, rectificaci\u00f3n, limitaci\u00f3n de tratamiento, supresi\u00f3n, portabilidad y oposici\u00f3n al tratamiento de sus datos de car\u00e1cter personal de los que usted dispone y que pueden ser ejercitados ante DANZARTESHOP.COM, de acuerdo con la RGPD, debe tener en cuenta los siguientes matices:<\/p>\r\n<ul>\r\n<li>Derecho de Acceso: Es el derecho del usuario a obtener informaci\u00f3n sobre sus datos concretos de car\u00e1cter personal y del tratamiento que se haya realizado o realice, as\u00ed como de la informaci\u00f3n disponible sobre el origen de dichos datos y las comunicaciones realizadas o previstas de los mismos.<\/li>\r\n<li>Derecho de Rectificaci\u00f3n: Es el derecho del afectado a que se modifiquen los datos que resulten ser inexactos o incompletos. S\u00f3lo podr\u00e1 satisfacerse en relaci\u00f3n a aquella informaci\u00f3n que se encuentre bajo el control de DANZARTESHOP.COM por ejemplo, eliminar comentarios publicados en la propia p\u00e1gina, im\u00e1genes o contenidos web donde consten datos de car\u00e1cter personal del usuario.<\/li>\r\n<li>Derecho a la Limitaci\u00f3n de tratamiento: Es el derecho a que se limiten los fines del tratamiento previstos de forma original por el responsable del tratamiento.<\/li>\r\n<li>Derecho de Supresi\u00f3n: Es el derecho a suprimir los datos de car\u00e1cter personal del usuario, a excepci\u00f3n de lo previsto en el propio RGPD o en otras normativas aplicables que determinen la obligatoriedad de la conservaci\u00f3n de los mismos, en tiempo y forma.<\/li>\r\n<li>Derecho de portabilidad: El derecho a recibir los datos personales que el usuario, haya facilitado, en un formato estructurado, de uso com\u00fan y lectura mec\u00e1nica, y a transmitirlos a otro responsable.<\/li>\r\n<li>Derecho de Oposici\u00f3n: Es el derecho del usuario a que no se lleve a cabo el tratamiento de sus datos de car\u00e1cter personal o se cese el tratamiento de los mismos por parte de COM.<\/li>\r\n<\/ul>\r\n<p>DANZARTESHOP.COM realizar\u00e1 las siguientes actuaciones:<\/p>\r\n<ul>\r\n<li>Acceso a la informaci\u00f3n p\u00fablica del perfil.<\/li>\r\n<li>Publicaci\u00f3n en el perfil del usuario de toda aquella informaci\u00f3n ya publicada en la p\u00e1gina de DANZARTESHOP.COM<\/li>\r\n<li>Enviar mensajes personales e individuales a trav\u00e9s de los canales de la Red Social.<\/li>\r\n<li>Actualizaciones del estado de la p\u00e1gina que se publicar\u00e1n en el perfil del usuario.<\/li>\r\n<\/ul>\r\n<p>El usuario siempre puede controlar sus conexiones, eliminar los contenidos que dejen de interesarle y restringir con qui\u00e9n comparte sus conexiones, para ello deber\u00e1 acceder a su configuraci\u00f3n de privacidad.<\/p>\r\n<h2>PUBLICACIONES<\/h2>\r\n<p>El usuario, una vez unido a la p\u00e1gina de DANZARTESHOP.COM , podr\u00e1 publicar en \u00e9sta \u00faltima comentarios, enlaces, im\u00e1genes o fotograf\u00edas o cualquier otro tipo de contenido multimedia soportado por la Red Social. El usuario, en todos los casos, debe ser el titular de los mismos, gozar de los derechos de autor y de propiedad intelectual o contar con el consentimiento de los terceros afectados. Se proh\u00edbe expresamente cualquier publicaci\u00f3n en la p\u00e1gina, ya sean textos, gr\u00e1ficos, fotograf\u00edas, v\u00eddeos, etc. que atenten o sean susceptibles de atentar contra la moral, la \u00e9tica, el buen gusto o el decoro, y\/o que infrinjan, violen o quebranten los derechos de propiedad intelectual o industrial, el derecho a la imagen o la Ley. En estos casos, DANZARTESHOP.COM se reserva el derecho a retirar de inmediato el contenido, pudiendo solicitar el bloqueo permanente del usuario.<\/p>\r\n<p>DANZARTESHOP.COM no se har\u00e1 responsable de los contenidos que libremente ha publicado un usuario.<\/p>\r\n<p>El usuario debe tener presente que sus publicaciones ser\u00e1n conocidas por los otros usuarios, por lo que \u00e9l mismo es el principal responsable de su privacidad.<\/p>\r\n<p>Las im\u00e1genes que puedan publicarse en la p\u00e1gina no ser\u00e1n almacenadas en ning\u00fan sistema de tratamiento por parte de DANZARTESHOP.COM pero s\u00ed que permanecer\u00e1n en la Red Social.<\/p>\r\n<h2>CONCURSOS Y PROMOCIONES<\/h2>\r\n<p>DANZARTESHOP.COM se reserva el derecho a realizar concursos y promociones, en los que podr\u00e1 participar el usuario unido a su p\u00e1gina. Las bases de cada uno de ellos, cuando se utilice para ello la plataforma de la Red Social, ser\u00e1n publicadas en la misma. Cumpliendo siempre con la LSSI-CE y con cualquier otra norma que le sea de aplicaci\u00f3n.<\/p>\r\n<p>La Red Social no patrocina, avala ni administra, de modo alguno, ninguna de nuestras promociones, ni est\u00e1 asociada a ninguna de ellas.<\/p>\r\n<h2>PUBLICIDAD<\/h2>\r\n<p>DANZARTESHOP.COM utilizar\u00e1 la Red Social para publicitar sus productos y servicios, en todo caso, si decide tratar sus datos de contacto para realizar acciones directas de prospecci\u00f3n comercial, ser\u00e1 siempre, cumpliendo con las exigencias legales de la RGPD y de la LSSI-CE.<\/p>\r\n<p>No se considerar\u00e1 publicidad el hecho de recomendar a otros usuarios la p\u00e1gina de DANZARTESHOP.COM para que tambi\u00e9n ellos puedan disfrutar de las promociones o estar informados de su actividad.<\/p>\r\n<p>A continuaci\u00f3n, detallamos el enlace a la pol\u00edtica de privacidad de la Red Social:<\/p>\r\n<ul>\r\n<li>Facebook: https:\/\/www.facebook.com\/help\/323540651073243\/<\/li>\r\n<li>Twitter: https:\/\/twitter.com\/privacy<\/li>\r\n<li>Google +: http:\/\/www.google.com\/intl\/es\/policies\/privacy\/<\/li>\r\n<\/ul>\r\n","protected":false},"excerpt":{"rendered":"<p>Esta p\u00e1gina Web pertenece a DANZARTESHOP.COM Para la utilizaci\u00f3n de este sitio Web, se entiende que el usuario est\u00e1 de acuerdo con la totalidad de las condiciones enunciadas a continuaci\u00f3n. PROPIEDAD INTELECTUAL &nbsp; Excepto indicaci\u00f3n expresa en contra, todos los contenidos del sitio Web, incluido sin car\u00e1cter limitativo: textos, gr\u00e1ficos, denominaciones, logotipos, iconos, im\u00e1genes, etc.&hellip;<\/p>\n","protected":false},"author":1,"featured_media":0,"parent":0,"menu_order":0,"comment_status":"closed","ping_status":"closed","template":"","meta":{"footnotes":""},"class_list":["post-7136","page","type-page","status-publish","hentry"],"_links":{"self":[{"href":"http:\/\/aikox.net\/Danzarte\/wp-json\/wp\/v2\/pages\/7136","targetHints":{"allow":["GET"]}}],"collection":[{"href":"http:\/\/aikox.net\/Danzarte\/wp-json\/wp\/v2\/pages"}],"about":[{"href":"http:\/\/aikox.net\/Danzarte\/wp-json\/wp\/v2\/types\/page"}],"author":[{"embeddable":true,"href":"http:\/\/aikox.net\/Danzarte\/wp-json\/wp\/v2\/users\/1"}],"replies":[{"embeddable":true,"href":"http:\/\/aikox.net\/Danzarte\/wp-json\/wp\/v2\/comments?post=7136"}],"version-history":[{"count":3,"href":"http:\/\/aikox.net\/Danzarte\/wp-json\/wp\/v2\/pages\/7136\/revisions"}],"predecessor-version":[{"id":9957,"href":"http:\/\/aikox.net\/Danzarte\/wp-json\/wp\/v2\/pages\/7136\/revisions\/9957"}],"wp:attachment":[{"href":"http:\/\/aikox.net\/Danzarte\/wp-json\/wp\/v2\/media?parent=7136"}],"curies":[{"name":"wp","href":"https:\/\/api.w.org\/{rel}","templated":true}]}}